{"id":8,"date":"2018-01-15T22:33:42","date_gmt":"2018-01-15T22:33:42","guid":{"rendered":"http:\/\/www.grupourbanis.com\/?page_id=8"},"modified":"2023-12-07T18:06:22","modified_gmt":"2023-12-07T17:06:22","slug":"acerca-de","status":"publish","type":"page","link":"https:\/\/www.grupourbanis.com\/?page_id=8","title":{"rendered":"Quienes somos"},"content":{"rendered":"<p style=\"text-align: center;\">\u00abNuestra misi\u00f3n es ofrecer a nuestros clientes los mejores servicios inmobiliarios, brind\u00e1ndoles soluciones personalizadas que cumplan con sus necesidades y expectativas. Nos esforzamos por ser l\u00edderes en el mercado, ayudando a las personas a encontrar el hogar de sus sue\u00f1os y a los inversores a maximizar sus oportunidades en Real Estate. Nuestro objetivo es hacer que el proceso de compra, venta o inversi\u00f3n en propiedades sea fluido, transparente y satisfactorio\u00bb.<\/p>\n<p style=\"text-align: center;\"><strong>Valores fundamentales que gu\u00edan nuestras acciones:<\/strong><\/p>\n<ol>\n<li>\n<p><strong>Integridad<\/strong>: Actuamos con honestidad y transparencia en todas nuestras transacciones, manteniendo los m\u00e1s altos est\u00e1ndares \u00e9ticos en cada interacci\u00f3n.<\/p>\n<\/li>\n<li>\n<p><strong>Compromiso con el Cliente<\/strong>: Nuestros clientes son nuestra prioridad, y nos esforzamos por superar sus expectativas, ofreciendo un servicio de calidad y apoyo personalizado en todo momento.<\/p>\n<\/li>\n<li>\n<p><strong>Excelencia y Profesionalismo<\/strong>: Buscamos la excelencia en todo lo que hacemos. Nuestro equipo est\u00e1 compuesto por profesionales altamente capacitados que se esfuerzan por mantenerse al tanto de las tendencias y desarrollos del mercado inmobiliario.<\/p>\n<\/li>\n<li>\n<p><strong>Innovaci\u00f3n<\/strong>: Abrazamos la innovaci\u00f3n y la tecnolog\u00eda para mejorar la eficiencia y brindar soluciones creativas a nuestros clientes.<\/p>\n<\/li>\n<li>\n<p><strong>Responsabilidad Social y Ambiental<\/strong>: Somos conscientes de nuestro impacto en la comunidad y el medio ambiente. Buscamos practicar la responsabilidad social y promover pr\u00e1cticas sostenibles en nuestras operaciones.<\/p>\n<\/li>\n<li>\n<p><strong>Trabajo en Equipo<\/strong>: Fomentamos un ambiente de colaboraci\u00f3n y respeto mutuo entre nuestros empleados, clientes y socios comerciales. Creemos en el poder del trabajo en equipo para lograr el \u00e9xito.<\/p>\n<\/li>\n<li>\n<p><strong>Adaptabilidad<\/strong>: Estamos dispuestos a adaptarnos a los cambios en el mercado y a las necesidades cambiantes de nuestros clientes. Mantenemos una mentalidad abierta y estamos listos para enfrentar nuevos desaf\u00edos.<\/p>\n<\/li>\n<\/ol>\n<p style=\"text-align: center;\">Nuestra trayectoria nos avala como empresa con mas de 15 a\u00f1os en el sector en:<\/p>\n<p style=\"text-align: center;\"><strong>Pa\u00eds Vasco, M\u00e1laga, Costa del Sol y C\u00e1diz<\/strong><\/p>\n<p style=\"text-align: center;\">\u00a0<\/p>\n\n<div class=\"wp-block-image is-style-rounded\">\n<figure class=\"aligncenter size-medium is-resized\"><img loading=\"lazy\" decoding=\"async\" width=\"300\" height=\"228\" src=\"http:\/\/www.grupourbanis.com\/wp-content\/uploads\/2018\/01\/Logo-Urbanis_color_sin-fondo-1-300x228.png\" alt=\"\" class=\"wp-image-38\" style=\"aspect-ratio:1.3157894736842106;width:102px;height:auto\" srcset=\"https:\/\/www.grupourbanis.com\/wp-content\/uploads\/2018\/01\/Logo-Urbanis_color_sin-fondo-1-300x228.png 300w, https:\/\/www.grupourbanis.com\/wp-content\/uploads\/2018\/01\/Logo-Urbanis_color_sin-fondo-1-768x583.png 768w, https:\/\/www.grupourbanis.com\/wp-content\/uploads\/2018\/01\/Logo-Urbanis_color_sin-fondo-1-1024x778.png 1024w, https:\/\/www.grupourbanis.com\/wp-content\/uploads\/2018\/01\/Logo-Urbanis_color_sin-fondo-1.png 1157w\" sizes=\"auto, (max-width: 300px) 100vw, 300px\" \/><\/figure>\n<\/div>","protected":false},"excerpt":{"rendered":"<p>\u00abNuestra misi\u00f3n es ofrecer a nuestros clientes los mejores servicios inmobiliarios, brind\u00e1ndoles soluciones personalizadas que cumplan con sus necesidades y expectativas. Nos esforzamos por ser l\u00edderes en el mercado, ayudando a las personas a encontrar el hogar de sus sue\u00f1os y a los inversores a maximizar sus oportunidades en Real Estate. Nuestro objetivo es hacer &hellip; <a href=\"https:\/\/www.grupourbanis.com\/?page_id=8\" class=\"more-link\">Sigue leyendo <span class=\"screen-reader-text\">Quienes somos<\/span><\/a><\/p>\n","protected":false},"author":1,"featured_media":509,"parent":0,"menu_order":0,"comment_status":"closed","ping_status":"closed","template":"","meta":{"_monsterinsights_skip_tracking":false,"_monsterinsights_sitenote_active":false,"_monsterinsights_sitenote_note":"","_monsterinsights_sitenote_category":0,"footnotes":""},"class_list":["post-8","page","type-page","status-publish","has-post-thumbnail","hentry"],"aioseo_notices":[],"jetpack_sharing_enabled":true,"amp_enabled":true,"_links":{"self":[{"href":"https:\/\/www.grupourbanis.com\/index.php?rest_route=\/wp\/v2\/pages\/8","targetHints":{"allow":["GET"]}}],"collection":[{"href":"https:\/\/www.grupourbanis.com\/index.php?rest_route=\/wp\/v2\/pages"}],"about":[{"href":"https:\/\/www.grupourbanis.com\/index.php?rest_route=\/wp\/v2\/types\/page"}],"author":[{"embeddable":true,"href":"https:\/\/www.grupourbanis.com\/index.php?rest_route=\/wp\/v2\/users\/1"}],"replies":[{"embeddable":true,"href":"https:\/\/www.grupourbanis.com\/index.php?rest_route=%2Fwp%2Fv2%2Fcomments&post=8"}],"version-history":[{"count":14,"href":"https:\/\/www.grupourbanis.com\/index.php?rest_route=\/wp\/v2\/pages\/8\/revisions"}],"predecessor-version":[{"id":494,"href":"https:\/\/www.grupourbanis.com\/index.php?rest_route=\/wp\/v2\/pages\/8\/revisions\/494"}],"wp:featuredmedia":[{"embeddable":true,"href":"https:\/\/www.grupourbanis.com\/index.php?rest_route=\/wp\/v2\/media\/509"}],"wp:attachment":[{"href":"https:\/\/www.grupourbanis.com\/index.php?rest_route=%2Fwp%2Fv2%2Fmedia&parent=8"}],"curies":[{"name":"wp","href":"https:\/\/api.w.org\/{rel}","templated":true}]}}