{"id":7,"date":"2018-01-15T22:33:42","date_gmt":"2018-01-15T22:33:42","guid":{"rendered":"http:\/\/www.grupourbanis.com\/?page_id=7"},"modified":"2024-01-29T14:12:45","modified_gmt":"2024-01-29T13:12:45","slug":"inicio","status":"publish","type":"page","link":"https:\/\/www.grupourbanis.com\/","title":{"rendered":"Bienvenidos a la web de                 Grupo Urbanis"},"content":{"rendered":"\n<p class=\"has-text-align-center\"><strong>Tu Socio de Confianza en Real Estate<\/strong> <\/p>\n\n\n\n<p>En <strong>Grupo Urbanis<\/strong>, entendemos que comprar o vender una propiedad es una de las decisiones m\u00e1s significativas en la vida. Nos enorgullece ser tu socio de confianza en el apasionante mundo del Real Estate en la Costa del Sol. Con mas de 15 a\u00f1os de experiencia y un equipo dedicado, estamos aqu\u00ed para hacer que tu experiencia inmobiliaria en la Costa del Sol y Pa\u00eds Vasco sea eficiente, exitosa y sin estr\u00e9s.<\/p>\n\n\n\n<p><strong>Nuestra Misi\u00f3n:<\/strong><\/p>\n\n\n\n<p class=\"has-text-align-left\">Nuestra misi\u00f3n es simple pero poderosa: ayudarte a alcanzar tus objetivos inmobiliarios. Ya sea que est\u00e9s buscando tu hogar ideal, una inversi\u00f3n o la venta de tu propiedad actual. Estamos comprometidos a brindarte un servicio excepcional y una orientaci\u00f3n experta. Somos especialistas en Las Costa del Sol y Pa\u00eds Vasco.<\/p>\n\n\n\n<p><strong>Lo que Ofrecemos:<\/strong><\/p>\n\n\n\n<ul class=\"wp-block-list\">\n<li><strong>Experiencia Profesional:<\/strong> Nuestro equipo est\u00e1 compuesto por agentes inmobiliarios altamente capacitados y experimentados que conocen el mercado local y nacional.<\/li>\n\n\n\n<li><strong>Asesoramiento Personalizado:<\/strong> Nos tomamos el tiempo para comprender tus necesidades y objetivos individuales, y dise\u00f1amos estrategias personalizadas para cumplirlos.<\/li>\n\n\n\n<li><strong>Selecci\u00f3n de Propiedades de Calidad:<\/strong> Ofrecemos una selecci\u00f3n cuidadosa de propiedades, desde apartamentos y villas hasta parcelas y propiedades comerciales.<\/li>\n\n\n\n<li><strong>Gesti\u00f3n Integral:<\/strong> No solo te ayudamos a encontrar la propiedad adecuada, sino que tambi\u00e9n te brindamos asesoramiento financiero, ayuda con la Due Diligence y gesti\u00f3n de la transacci\u00f3n de principio a fin.<\/li>\n\n\n\n<li><strong>Transparencia y \u00c9tica:<\/strong> Valoramos la transparencia y la \u00e9tica en todo lo que hacemos. Puedes confiar en que te proporcionaremos informaci\u00f3n precisa y asesoramiento honesto.<\/li>\n<\/ul>\n\n\n\n<p><strong>Comienza Tu Viaje Inmobiliario:<\/strong><\/p>\n\n\n\n<p>Te invitamos a explorar nuestro sitio web y descubrir nuestros servicio. Ya sea que est\u00e9s buscando tu pr\u00f3ximo hogar, una inversi\u00f3n o est\u00e9s listo para vender, <strong>Grupo Urbanis<\/strong> est\u00e1 aqu\u00ed para brindarte el apoyo que necesitas. <\/p>\n\n\n\n<p class=\"has-text-align-center\">\u00a1Comienza tu viaje inmobiliario con nosotros hoy mismo!<\/p>\n\n\n<p style=\"text-align: center;\"><img loading=\"lazy\" decoding=\"async\" class=\"alignnone  wp-image-38\" src=\"http:\/\/www.grupourbanis.com\/wp-content\/uploads\/2018\/01\/Logo-Urbanis_color_sin-fondo-1-300x228.png\" alt=\"\" width=\"126\" height=\"96\" srcset=\"https:\/\/www.grupourbanis.com\/wp-content\/uploads\/2018\/01\/Logo-Urbanis_color_sin-fondo-1-300x228.png 300w, https:\/\/www.grupourbanis.com\/wp-content\/uploads\/2018\/01\/Logo-Urbanis_color_sin-fondo-1-768x583.png 768w, https:\/\/www.grupourbanis.com\/wp-content\/uploads\/2018\/01\/Logo-Urbanis_color_sin-fondo-1-1024x778.png 1024w, https:\/\/www.grupourbanis.com\/wp-content\/uploads\/2018\/01\/Logo-Urbanis_color_sin-fondo-1.png 1157w\" sizes=\"auto, (max-width: 126px) 100vw, 126px\" \/><\/p>\n\n\n<p class=\"has-text-align-center\">Delegaci\u00f3n Pa\u00eds Vasco: Tel. 944 071 014<\/p>\n\n\n\n<p class=\"has-text-align-center\">Delegaci\u00f3n Costa del Sol: Tel. 615 123 591<\/p>\n","protected":false},"excerpt":{"rendered":"<p>Tu Socio de Confianza en Real Estate En Grupo Urbanis, entendemos que comprar o vender una propiedad es una de las decisiones m\u00e1s significativas en la vida. Nos enorgullece ser tu socio de confianza en el apasionante mundo del Real Estate en la Costa del Sol. Con mas de 15 a\u00f1os de experiencia y un &hellip; <a href=\"https:\/\/www.grupourbanis.com\/\" class=\"more-link\">Sigue leyendo <span class=\"screen-reader-text\">Bienvenidos a la web de                 Grupo Urbanis<\/span><\/a><\/p>\n","protected":false},"author":1,"featured_media":210,"parent":0,"menu_order":0,"comment_status":"closed","ping_status":"closed","template":"","meta":{"_monsterinsights_skip_tracking":false,"_monsterinsights_sitenote_active":false,"_monsterinsights_sitenote_note":"","_monsterinsights_sitenote_category":0,"footnotes":""},"class_list":["post-7","page","type-page","status-publish","has-post-thumbnail","hentry"],"aioseo_notices":[],"jetpack_sharing_enabled":true,"amp_enabled":false,"_links":{"self":[{"href":"https:\/\/www.grupourbanis.com\/index.php?rest_route=\/wp\/v2\/pages\/7","targetHints":{"allow":["GET"]}}],"collection":[{"href":"https:\/\/www.grupourbanis.com\/index.php?rest_route=\/wp\/v2\/pages"}],"about":[{"href":"https:\/\/www.grupourbanis.com\/index.php?rest_route=\/wp\/v2\/types\/page"}],"author":[{"embeddable":true,"href":"https:\/\/www.grupourbanis.com\/index.php?rest_route=\/wp\/v2\/users\/1"}],"replies":[{"embeddable":true,"href":"https:\/\/www.grupourbanis.com\/index.php?rest_route=%2Fwp%2Fv2%2Fcomments&post=7"}],"version-history":[{"count":19,"href":"https:\/\/www.grupourbanis.com\/index.php?rest_route=\/wp\/v2\/pages\/7\/revisions"}],"predecessor-version":[{"id":545,"href":"https:\/\/www.grupourbanis.com\/index.php?rest_route=\/wp\/v2\/pages\/7\/revisions\/545"}],"wp:featuredmedia":[{"embeddable":true,"href":"https:\/\/www.grupourbanis.com\/index.php?rest_route=\/wp\/v2\/media\/210"}],"wp:attachment":[{"href":"https:\/\/www.grupourbanis.com\/index.php?rest_route=%2Fwp%2Fv2%2Fmedia&parent=7"}],"curies":[{"name":"wp","href":"https:\/\/api.w.org\/{rel}","templated":true}]}}